h = 2 - -5. Suppose 2*i - 3 = -h. Let z = i - -9. List the prime factors of z.
7
Let y(v) = v**3 - 10*v**2 - 10*v - 6. Let f be y(11). Suppose 0 = -2*c + 2*g + 3 + 9, f*c - 10 = -5*g. List the prime factors of c.
2
Let h(g) = -2*g**2 + 3*g**2 + 17 + 10*g - 4. List the prime factors of h(-10).
13
Suppose 3*x + 10 = 5*x. Suppose x*j - 25 = -0*j. What are the prime factors of j?
5
Let q(t) = t**3 - 2*t**2 + 9*t - 6. What are the prime factors of q(4)?
2, 31
Let i = 28 - 21. Suppose -4*m + i = u - 3*m, 0 = 4*u - 5*m + 17. List the prime factors of u.
2
Suppose 5*s - 2*s = 72. List the prime factors of s.
2, 3
Let o = 0 + 2. List the prime factors of 22/o*(-4 + 5).
11
Let y be 1/(-4) - 3/4. Let b be 1 + y/(-2)*4. Let q(c) = 4*c. What are the prime factors of q(b)?
2, 3
Let n(w) = -w**2 - 14*w. What are the prime factors of n(-11)?
3, 11
Suppose 6*a - 3*a - 2*z - 98 = 0, -2*z - 132 = -4*a. What are the prime factors of a?
2, 17
Let x(p) = -35*p - 24. What are the prime factors of x(-6)?
2, 3, 31
Let j(u) = u - 10. Let d be j(0). Let z = 3 - d. What are the prime factors of z?
13
Let f be (-4)/(-6) - (-7)/3. Suppose 4 = f*a + 28. Let v = a + 16. List the prime factors of v.
2
What are the prime factors of -4 + (-78)/(-21) - (-471)/7?
67
Let q(v) = -8*v - 11. Let i(p) = -9*p - 12. Let l(k) = -5*i(k) + 6*q(k). List the prime factors of l(-7).
3, 5
Let d(p) = 13. Let h(w) = w + 1. Let l(c) = -d(c) + 6*h(c). What are the prime factors of l(4)?
17
Suppose -3*q + 7 = -8. Let c = 1 - q. Let l(j) = -j**2 - 6*j - 1. List the prime factors of l(c).
7
Suppose -3*m - 69 = -3*n, -2*m + 1 + 3 = 0. List the prime factors of n.
5
Let t be 18/(-1)*(-3)/9. Let h(a) = -a**3 + 6*a**2 + 4*a. What are the prime factors of h(t)?
2, 3
Suppose 10*w - 7*w = 801. List the prime factors of w.
3, 89
Suppose m + 37 = 3*m + 3*b, 5*m - 55 = 5*b. Suppose -4*j + 4*t - 9 + 1 = 0, 5*t = 3*j + m. List the prime factors of j.
2
Let o(h) = 3*h + 3. Suppose 7*x = 9*x - 8. What are the prime factors of o(x)?
3, 5
Let j = 4 - 3. Suppose 14*z + 6 = 17*z. List the prime factors of (z - 1) + (2 - j).
2
Suppose 0 = -4*t + 80 + 96. Suppose 2*n - n = t. What are the prime factors of n?
2, 11
Suppose -2*j = 2*j + 5*m + 29, 0 = -2*j + 4*m - 8. Let k be 12/(j/((-6)/2)). List the prime factors of k/(2/12*3).
2, 3
Suppose -2*k + 199 = -35. What are the prime factors of k?
3, 13
Let s = 417 + -288. What are the prime factors of s?
3, 43
Suppose u - 10 = -5*h, 0*u = 2*u - h + 2. Let k = 6 - u. List the prime factors of k.
2, 3
Let p = 11 - 9. Suppose w + p*w = 93. What are the prime factors of w?
31
Let t = 63 - 34. List the prime factors of t.
29
Suppose 2*z + 10 = 4*z. Suppose 4*w = z*w. Let f = w + 10. What are the prime factors of f?
2, 5
Suppose -w + 36 = -5*a + w, 4 = -2*w. Let u(r) = r**3 + 9*r**2 + 7*r + 2. Let y be u(a). List the prime factors of 0*1/3 + y.
2, 5
Let p(n) = -n**3 - 5*n**2 - 3. Let s be p(-5). List the prime factors of (8 + s)*2/5.
2
Let t(m) = -m**2 - 5*m + 5. Let n be t(-6). List the prime factors of (-2)/(-3*n/(-27)).
2, 3
Let o(s) = 5*s**2 + 2*s + 2. Let a(t) = 10*t**2 + 4*t + 4. Let u(q) = 6*a(q) - 11*o(q). What are the prime factors of u(-2)?
2, 3
Let i(f) = f**3 + 7*f**2 + f + 9. Let c be i(-7). Suppose 0 = c*b - 5*b. What are the prime factors of 1 + (b - -10) + -1?
2, 5
Suppose 8*o - 954 = -186. What are the prime factors of o?
2, 3
Suppose -w = -3*w - 6. List the prime factors of (w/(-5))/((-11)/(-330)).
2, 3
Suppose -4*r + 8 + 0 = 0. Let c(t) = -t - 3. Let b be c(-5). Suppose b*m + 4 = r*o, m + 4*m - 25 = -2*o. What are the prime factors of m?
3
Suppose -2*l + 3*l + 3*a = 1, 5*l + 3*a - 17 = 0. Suppose 0 = l*n + 58 + 1822. What are the prime factors of n/(-25) + 1/5?
19
List the prime factors of (0 - 1) + 263/1.
2, 131
Let r(f) = f**2 + 7*f + 6. Let o be 1*2/4*-22. List the prime factors of r(o).
2, 5
List the prime factors of (-1 - -118)*(-4)/(-12).
3, 13
Let x(f) = 2*f + f + 6*f**2 - 5*f + f + 1. List the prime factors of x(1).
2, 3
Suppose -6*o = -2*o - 16, -i + 78 = 2*o. Suppose 0 = -2*v - 0*v - 8, 5*l - i = 5*v. What are the prime factors of l?
2, 5
Let b(y) = 4*y**3 + 3*y**2 + 2*y - 9. Let t(n) = n**3 + n**2 + n + 1. Let h(m) = -b(m) + 3*t(m). What are the prime factors of h(0)?
2, 3
Suppose -4*z + 5*r = -7*z + 847, 1390 = 5*z + 4*r. What are the prime factors of z?
2, 137
Let l be (0*4/(-16))/2. Suppose -3*k + l*x = 2*x - 98, -2*x - 82 = -3*k. What are the prime factors of k?
2, 3, 5
Suppose 48 = 4*j - 3*j. What are the prime factors of j?
2, 3
Suppose h - 148 = -q, 0*q = -2*q + h + 308. List the prime factors of q.
2, 19
Suppose 0 = 2*g + 2*g. What are the prime factors of (-27 - g)/(1/(-1))?
3
Suppose -3*q = g - 14, -13 = -2*q + 2*g - 1. Suppose q*w - 45 = -5*n, w + 2*n - 5 = 3. What are the prime factors of w?
2, 5
Let w be 4/(-18) + 2/9. Suppose -l + 4*l - 30 = w. List the prime factors of (-6)/(-15) + 56/l.
2, 3
Let k(s) = s**2 + 2*s + 1. Let l be k(-1). Suppose l*b + b = 4*h + 7, -5*h - 14 = -2*b. List the prime factors of b.
7
Let p(c) = 11*c + 9 + 2*c**2 + 2 + 2 - 3. List the prime factors of p(-7).
31
Suppose z = -3*r + 76 + 724, 0 = 2*r + 5*z - 555. What are the prime factors of r?
5, 53
Let s(l) = 2*l**3 - 3*l**2 - 4*l + 3. List the prime factors of s(3).
2, 3
Suppose -13*u + 3162 = 4*u. What are the prime factors of u?
2, 3, 31
Suppose 5*c - 2*z = 109, 35 = 2*c + 2*z - 3. List the prime factors of c.
3, 7
Let r(j) = -j + 17. Let p be r(7). Let z(k) = k**3 + 5*k**2 - 5*k + 6. Let o be z(-6). Suppose 0*f + f - p = o. What are the prime factors of f?
2, 5
Suppose -2*c - 4*g = -34, -c - 2*g - 40 = -3*c. What are the prime factors of c?
19
Let i = 79 - 27. What are the prime factors of i?
2, 13
Let p = 57 + -15. List the prime factors of p.
2, 3, 7
Let o = 8 + -1. Suppose 0 = -o*b + 2*b - p + 66, -4 = -4*p. What are the prime factors of b?
13
Suppose 2*y + 2*u = -2, -u - 2*u + 1 = y. List the prime factors of (-11)/y - (-3)/6.
2, 3
Let y(x) = 3*x - 11. Let t be y(9). Let a = -22 + t. Let i(j) = -3*j - 9. List the prime factors of i(a).
3
Suppose 0 = -5*s + s + 12. Suppose 0 = 4*w - s*q + 5*q, 0 = w + q + 2. What are the prime factors of w?
2
Suppose k - 2*a = 108, -3*k + 5*a = 2*k - 535. List the prime factors of k.
2, 53
Let b(f) = f**2 + 5*f - 1. Let g be b(-4). Let p(a) = 3*a - 5 - a**2 + a**2 + a**2. What are the prime factors of p(g)?
5
Suppose 0*a = -5*a + 20. What are the prime factors of a?
2
Let a = 8 - 11. Let s be (3 - 4)*(-2 + a). Suppose -36 = -s*u + u. What are the prime factors of u?
3
Suppose 0 = -2*d + w - 3, -2 = d - 5*w + 4. Let j(t) = -14*t**3 + t**2 - t - 1. List the prime factors of j(d).
3, 5
Let f(y) = -y**2 - 6*y + 4. Let u be f(-6). Let j be (2/u)/((-2)/(-12)). Let i(q) = 2*q**2 - 4*q + 4. What are the prime factors of i(j)?
2, 5
Let p = -15 + 15. Suppose p*z - 5*z + 95 = 0. What are the prime factors of z?
19
Suppose 4*l + 5 = 9*l. What are the prime factors of l/2 - 492/(-24)?
3, 7
Let q = 11 - 6. Suppose q*l = l + 56. What are the prime factors of l?
2, 7
Suppose 4*k - 108 = -2*h, -2*h - 5*k = 3*h - 245. Suppose 4 + 0 = 2*z. Suppose -h = -5*l - 2*o, -z*l = -4*o - 27 - 5. What are the prime factors of l?
2, 5
Suppose 2*q + q + 6 = -2*r, 0 = -5*r + 4*q + 8. Suppose r = p + 3*p + 3*t - 34, 0 = 2*p + 3*t - 20. What are the prime factors of p?
7
Suppose -4*q + 15 = -y - 3, 0 = 3*y + 6. Suppose q*c + 105 = 5*t, 3*t = t - 3*c + 42. List the prime factors of t.
3, 7
Let h be (-8)/2*(-2)/4. Suppose -7*n + 5 = -h*n. Let v = 3 + n. List the prime factors of v.
2
Suppose -3*x - p - 34 = -0*x, -16 = 2*x + 4*p. Let q = x + 22. What are the prime factors of q?
2, 5
Let c = 5 - 10. What are the prime factors of (-38)/(-4) - c/10?
2, 5
Let b(i) = -i**3 - 3*i**2 + 6*i + 1. Suppose -18 = 4*g - 2. Let o be b(g). Let s(u) = -u**3 - 8*u**2 - 9*u + 10. List the prime factors of s(o).
2, 3
Suppose 4*f - 967 = y, 2*y - y - 5 = 0. List the prime factors of f.
3
Let p = -21 - -169. What are the prime factors of p?
2, 37
Let b = -10 + 14. Suppose 60 = b*k - k. What are the prime factors of k?
2, 5
Let d(q) = 13*q**2 - 2*q + 1. Let h be d(1). Suppose 3 = b - h. What are the prime factors of b?
3, 5
Let i(z) = -3 + 2 + 2 - 3*z**2 + z**3 - 2*z**2 - 3*z.